he greatest common divisor of 10322 and 3770.
26
What is the greatest common divisor of 83465415 and 3168?
99
What is the highest common factor of 17 and 16282141?
17
Calculate the greatest common divisor of 140580 and 2460.
60
What is the greatest common divisor of 1978754 and 32?
2
Calculate the highest common divisor of 7125 and 448607575.
475
What is the highest common factor of 1179 and 47104063?
131
Calculate the highest common factor of 6944 and 1046024.
56
Calculate the greatest common factor of 18 and 361806.
6
Calculate the highest common factor of 162191 and 59.
59
What is the highest common divisor of 23125850 and 12550?
50
Calculate the greatest common factor of 546864 and 852.
12
What is the highest common factor of 214824752 and 1808?
1808
Calculate the highest common factor of 36442 and 1640156.
266
Calculate the greatest common divisor of 129601 and 16569962.
3161
Calculate the greatest common factor of 3217507040 and 1360.
1360
Calculate the greatest common factor of 7733455 and 9580.
2395
What is the greatest common divisor of 80 and 51044472?
8
Calculate the greatest common divisor of 319 and 54683618.
319
What is the greatest common factor of 6225 and 12818105?
415
What is the highest common divisor of 10 and 192888245?
5
Calculate the highest common factor of 442 and 40313426.
34
What is the highest common factor of 58640396 and 188?
188
Calculate the highest common factor of 156936 and 180882.
78
Calculate the highest common divisor of 3320 and 460903980.
1660
What is the highest common divisor of 405566369 and 30927?
10309
What is the greatest common divisor of 121356596 and 296?
148
Calculate the highest common divisor of 898 and 1101682.
2
Calculate the greatest common factor of 8667 and 8130609.
963
What is the highest common factor of 20955 and 14243685?
1905
Calculate the greatest common divisor of 4 and 23565825.
1
What is the greatest common divisor of 4502547 and 277263?
1701
Calculate the greatest common divisor of 32767 and 15639221.
4681
Calculate the highest common divisor of 2896225 and 50.
25
What is the highest common factor of 1604 and 63923009?
401
Calculate the highest common divisor of 20847508 and 102.
34
What is the highest common factor of 254975 and 13144?
31
What is the highest common divisor of 408 and 3417528?
24
Calculate the highest common divisor of 392 and 5382748.
196
Calculate the greatest common divisor of 319400 and 1295167.
1597
What is the highest common divisor of 3429106 and 46564?
3326
Calculate the greatest common divisor of 3068544 and 72312.
3144
Calculate the greatest common divisor of 48616 and 5095616.
824
What is the highest common factor of 5709 and 350844?
519
Calculate the greatest common factor of 503274 and 4884.
222
What is the greatest common factor of 10288291 and 460161?
5681
What is the greatest common factor of 3549 and 225849?
39
What is the highest common factor of 1501368 and 1848?
264
What is the highest common factor of 181674805 and 65?
65
What is the highest common factor of 34816 and 271616?
256
What is the greatest common factor of 43769159 and 90923?
2933
Calculate the greatest common factor of 2423423296 and 16.
16
What is the highest common divisor of 1038099 and 2634363?
879
What is the greatest common factor of 14556652 and 758956?
2068
What is the highest common factor of 569055144 and 1428?
1428
Calculate the highest common divisor of 5577 and 6487.
13
Calculate the highest common factor of 17509934 and 130.
26
What is the highest common divisor of 113177635 and 1770?
295
What is the highest common divisor of 10038425 and 200?
25
What is the highest common factor of 44730 and 358890?
210
What is the highest common divisor of 840 and 82743885?
105
What is the highest common factor of 623443803 and 393?
393
Calculate the greatest common factor of 820 and 1054732790.
410
What is the greatest common factor of 7123716 and 24?
12
Calculate the highest common divisor of 95319 and 227871.
63
What is the greatest common divisor of 1243 and 2123?
11
What is the greatest common divisor of 89759496 and 95?
19
Calculate the greatest common factor of 29301006 and 546.
42
Calculate the highest common factor of 105 and 213694761.
21
Calculate the greatest common divisor of 1158663264 and 128.
32
Calculate the highest common factor of 8648 and 52815498.
2162
What is the highest common factor of 540 and 10931490?
270
Calculate the greatest common factor of 49 and 29954631.
49
What is the highest common factor of 164625159 and 186?
93
Calculate the highest common factor of 263793 and 30.
3
What is the greatest common factor of 86544081 and 2925?
117
What is the greatest common divisor of 174472 and 141137?
113
What is the greatest common divisor of 41 and 46858941?
41
Calculate the greatest common factor of 68305394 and 16.
2
Calculate the greatest common factor of 2624 and 7762.
2
What is the highest common divisor of 34 and 4628596?
2
Calculate the greatest common divisor of 358790195 and 20.
5
What is the greatest common factor of 30 and 298680090?
30
Calculate the greatest common factor of 25927 and 2365.
11
What is the greatest common factor of 6028 and 191271454?
3014
Calculate the highest common divisor of 410 and 13868660.
410
Calculate the highest common divisor of 13244 and 60412.
44
What is the highest common divisor of 1735 and 265471309?
347
What is the greatest common divisor of 27633375 and 1885?
145
Calculate the greatest common divisor of 221654840 and 198.
22
What is the highest common divisor of 55 and 17132082?
11
What is the greatest common divisor of 60732806 and 1?
1
Calculate the highest common divisor of 10845783 and 234.
117
What is the greatest common divisor of 1872 and 101871?
9
What is the greatest common divisor of 5173435 and 9610?
155
Calculate the greatest common divisor of 57942882 and 11976.
2994
Calculate the greatest common factor of 27078651 and 45.
9
What is the highest common divisor of 17600 and 19911650?
550
What is the greatest common divisor of 60755654 and 1938?
646
Calculate the highest common divisor of 62148120 and 480.
120
What is the highest common factor of 30574950 and 3935?
3935
What is the greatest common divisor of 7315 and 29038555?
665
What is the greatest common factor of 51 and 325739193?
51
What is the greatest common factor of 102 and 162072?
6
Calculate the highest common factor of 131634519 and 6.
3
Calculate the highest common divisor of 9386232 and 28024.
904
What is the highest common divisor of 76 and 19172330?
38
Calculate the highest common divisor of 4158144 and 5688.
72
Calculate the greatest common divisor of 592454 and 7224.
86
Calculate the greatest common factor of 2632925 and 40.
5
What is the highest common factor of 316872 and 12837717?
4401
What is the greatest common divisor of 85 and 2227493?
17
Calculate the greatest common factor of 5790 and 110370.
30
What is the highest common factor of 40 and 2765578680?
40
What is the highest common divisor of 3774 and 73416?
6
Calculate the highest common factor of 1710 and 9939945.
285
What is the highest common divisor of 1484496 and 27084?
732
What is the highest common divisor of 2002 and 485030?
182
What is the greatest common divisor of 1340 and 100964980?
1340
What is the greatest common factor of 60885 and 3040560?
1845
What is the highest common factor of 21925818 and 13430?
2686
What is the greatest common divisor of 11382065 and 1015?
145
Calculate the highest common divisor of 30652 and 67545.
79
What is the highest common divisor of 1058 and 115203734?
46
What is the greatest common divisor of 80749107 and 20675?
827
What is the highest common factor of 1242 and 46760058?
1242
What is the greatest common divisor of 6797824 and 16456?
1496
Calculate the greatest common factor of 175465493 and 4271.
4271
Calculate the highest common divisor of 125780055 and 255.
15
Calculate the greatest common divisor of 42291 and 284607.
1143
Calculate the greatest common divisor of 4087 and 34773.
67
What is the highest common factor of 520075195 and 173?
173
Calculate the greatest common factor of 263102940 and 360.
180
Calculate the highest common divisor of 32 and 6689464.
8
What is the greatest common divisor of 279453119 and 176?
11
Calcul